{"id":1051,"date":"2024-09-30T09:39:13","date_gmt":"2024-09-30T08:39:13","guid":{"rendered":"https:\/\/www.extetika.it\/?page_id=1051"},"modified":"2024-09-30T09:44:52","modified_gmt":"2024-09-30T08:44:52","slug":"la-stanza-del-sale-un-respiro-di-benessere","status":"publish","type":"page","link":"https:\/\/www.extetika.it\/?page_id=1051","title":{"rendered":"La Stanza del Sale &#8211; Un respiro di benessere"},"content":{"rendered":"<div class=\"wp-block-image\">\n<figure class=\"aligncenter size-full is-resized\"><a href=\"https:\/\/www.extetika.it\/wp-content\/uploads\/2024\/09\/Stanza_Del_Sale-1.jpg\"><img loading=\"lazy\" decoding=\"async\" width=\"346\" height=\"234\" src=\"https:\/\/www.extetika.it\/wp-content\/uploads\/2024\/09\/Stanza_Del_Sale-1.jpg\" alt=\"\" class=\"wp-image-1054\" style=\"width:347px;height:auto\" srcset=\"https:\/\/www.extetika.it\/wp-content\/uploads\/2024\/09\/Stanza_Del_Sale-1.jpg 346w, https:\/\/www.extetika.it\/wp-content\/uploads\/2024\/09\/Stanza_Del_Sale-1-300x203.jpg 300w\" sizes=\"auto, (max-width: 346px) 100vw, 346px\" \/><\/a><\/figure><\/div>\n\n\n<p>La stanza del sale \u00e8 indicata per tutti, dai pi\u00f9 piccoli ai pi\u00f9 anziani,\u00a0<strong>aiuta a prevenire, alleviare ed eliminare i fastidi delle vie respiratorie<\/strong>\u00a0(asma, allergie, bronchiti, sinusiti,ecc..)\u00a0<strong>e disturbi della pelle quali dermatiti e psioriasi<\/strong>. E\u2019 ideale per gli\u00a0<strong>sportivi<\/strong>\u00a0per reintegrare le energie spese durante l\u2019attivit\u00e0 sportiva, ma anche per coloro che combattono contro<strong>\u00a0stress e\u00a0 depressione<\/strong>. Dal greco Halos \/ Als = sale e da tempi immemori, la civilt\u00e0 conosce gli effetti benefici del Sale.\u00a0Ai tempi di Marco Polo era chiamato \u201cORO bianco\u201d quale dono prezioso della madre terra.La stanza del sale \u00e8 una cosa del tutto naturale infatti in riva al mare quando si respira \u201csapore di mare\u201d o si percepisce la salsedine marina stiamo facendo dell\u2019Haloterapia. Oggi, grazie alla<strong>\u00a0Stanza del Sale\u00a0<\/strong>con Micronizzatore, possiamo ricreare i benefici effetti del tempo trascorso in riva al mare ed amplificarli, creando \u201cad hoc\u201d un\u00a0<strong>micro clima marino\u00a0<\/strong>salutare a tutti, grandi e piccini. Contattateci per ulteriori informazioni<\/p>\n","protected":false},"excerpt":{"rendered":"<p>La stanza del sale \u00e8 indicata per tutti, dai pi\u00f9 piccoli ai pi\u00f9 anziani,\u00a0aiuta a prevenire, alleviare ed eliminare i fastidi delle vie respiratorie\u00a0(asma, allergie, bronchiti, sinusiti,ecc..)\u00a0e disturbi della pelle &hellip; <\/p>\n","protected":false},"author":1,"featured_media":0,"parent":0,"menu_order":0,"comment_status":"closed","ping_status":"closed","template":"","meta":{"footnotes":""},"class_list":["post-1051","page","type-page","status-publish","hentry"],"_links":{"self":[{"href":"https:\/\/www.extetika.it\/index.php?rest_route=\/wp\/v2\/pages\/1051","targetHints":{"allow":["GET"]}}],"collection":[{"href":"https:\/\/www.extetika.it\/index.php?rest_route=\/wp\/v2\/pages"}],"about":[{"href":"https:\/\/www.extetika.it\/index.php?rest_route=\/wp\/v2\/types\/page"}],"author":[{"embeddable":true,"href":"https:\/\/www.extetika.it\/index.php?rest_route=\/wp\/v2\/users\/1"}],"replies":[{"embeddable":true,"href":"https:\/\/www.extetika.it\/index.php?rest_route=%2Fwp%2Fv2%2Fcomments&post=1051"}],"version-history":[{"count":2,"href":"https:\/\/www.extetika.it\/index.php?rest_route=\/wp\/v2\/pages\/1051\/revisions"}],"predecessor-version":[{"id":1062,"href":"https:\/\/www.extetika.it\/index.php?rest_route=\/wp\/v2\/pages\/1051\/revisions\/1062"}],"wp:attachment":[{"href":"https:\/\/www.extetika.it\/index.php?rest_route=%2Fwp%2Fv2%2Fmedia&parent=1051"}],"curies":[{"name":"wp","href":"https:\/\/api.w.org\/{rel}","templated":true}]}}