{"id":275,"date":"2009-12-09T16:18:32","date_gmt":"2009-12-09T15:18:32","guid":{"rendered":"http:\/\/www.extetika.it\/?page_id=275"},"modified":"2010-03-24T13:24:28","modified_gmt":"2010-03-24T12:24:28","slug":"magic-chocolate","status":"publish","type":"page","link":"http:\/\/www.extetika.it\/?page_id=275","title":{"rendered":"Tocco al Cioccolato"},"content":{"rendered":"<p>\u00a0<img loading=\"lazy\" decoding=\"async\" class=\"alignleft size-thumbnail wp-image-276\" title=\"cioccolato\" src=\"http:\/\/www.extetika.it\/wp-content\/uploads\/2009\/12\/cioccolato-150x150.jpg\" alt=\"cioccolato\" width=\"150\" height=\"150\" srcset=\"http:\/\/www.extetika.it\/wp-content\/uploads\/2009\/12\/cioccolato-150x150.jpg 150w, http:\/\/www.extetika.it\/wp-content\/uploads\/2009\/12\/cioccolato-300x300.jpg 300w, http:\/\/www.extetika.it\/wp-content\/uploads\/2009\/12\/cioccolato-60x60.jpg 60w, http:\/\/www.extetika.it\/wp-content\/uploads\/2009\/12\/cioccolato.jpg 350w\" sizes=\"auto, (max-width: 150px) 100vw, 150px\" \/><br \/>\n<strong>Massaggio al Cioccolato.<br \/>\n<\/strong>Sei stanca, stressata o hai semplicemente voglia di prenderti un momento tutto per te per stare tranquilla e rilassate ?<br \/>\nIl <strong>massaggio al cioccolato<\/strong> \u00e8 il massaggio della serenit\u00e0, \u00e8 la coccola pi\u00f9 dolce che puoi regalarti. Il suo aroma\u00a0 ti avvolge l\u2019anima, ti inebria la mente, ti profuma la pelle. Le sue innumerevoli propriet\u00e0 ne fanno un alleato prezioso per un benessere fisico e psichico.<br \/>\nLo chiamano <strong>massaggio del sorriso<\/strong> perch\u00e9 gi\u00e0 il solo pensiero del cioccolato fa venire il sorriso sulle labbra. \u00c8 ormai dimostrato, infatti, che il cioccolato contiene particolari sostanze, come la\u00a0caffeina e la teobromina, in grado di stimolare il sistema nervoso centrale e migliorare il tono dell&#8217;umore.<br \/>\nLe sensazioni e gli effetti di Chocolat Massage sono particolarmente gratificanti<strong>,<\/strong> oltre a dare serenit\u00e0 e relax, idrata, nutre e addolcisce la pelle del corpo.<br \/>\nIl Cacao contiene<strong> <\/strong>preziosi principi attivi naturali<strong>:<\/strong> burro di cacao, dall\u2019azione emolliente, nutriente, idratante, protettiva ed antiage; sali minerali, dall\u2019azione tonificante; tannino, dall\u2019azione snellente. Il suo alcaloide, la teobromina, aiuta inoltre a produrre endorfine, sostanze che a loro volta incrementano l&#8217;attivit\u00e0 della serotonina, il neurotrasmettitore della serenit\u00e0 e del buonumore.<\/p>\n<h4 style=\"TEXT-ALIGN: justify\">Come si fa:<\/h4>\n<p style=\"TEXT-ALIGN: justify\">Appena si entra nella stanza dove si far\u00e0 il trattamento si viene subito avvolte da un<strong> aroma intenso e invitante di cioccolato.<br \/>\n<\/strong>Dopo aver preso posto su un lettino riscaldato, prima vengono coperte le parti del corpo che non sono interessate al momento dal massaggio e poi si viene ricoperte con una miscela di cacao e crema idratante.<br \/>\nSuccessivamente si viene &#8220;spennellate&#8221; di cioccolata calda e si resta in posa per 10 minuti. Infine, con l&#8217;ausilio di manopole monouso, si asportano i residui del prodotto e si termina con una doccia.<\/p>\n","protected":false},"excerpt":{"rendered":"<p>\u00a0 Massaggio al Cioccolato. Sei stanca, stressata o hai semplicemente voglia di prenderti un momento tutto per te per stare tranquilla e rilassate ? Il massaggio al cioccolato \u00e8 il &hellip; <\/p>\n","protected":false},"author":1,"featured_media":0,"parent":68,"menu_order":0,"comment_status":"closed","ping_status":"closed","template":"","meta":{"footnotes":""},"class_list":["post-275","page","type-page","status-publish","hentry"],"_links":{"self":[{"href":"http:\/\/www.extetika.it\/index.php?rest_route=\/wp\/v2\/pages\/275","targetHints":{"allow":["GET"]}}],"collection":[{"href":"http:\/\/www.extetika.it\/index.php?rest_route=\/wp\/v2\/pages"}],"about":[{"href":"http:\/\/www.extetika.it\/index.php?rest_route=\/wp\/v2\/types\/page"}],"author":[{"embeddable":true,"href":"http:\/\/www.extetika.it\/index.php?rest_route=\/wp\/v2\/users\/1"}],"replies":[{"embeddable":true,"href":"http:\/\/www.extetika.it\/index.php?rest_route=%2Fwp%2Fv2%2Fcomments&post=275"}],"version-history":[{"count":12,"href":"http:\/\/www.extetika.it\/index.php?rest_route=\/wp\/v2\/pages\/275\/revisions"}],"predecessor-version":[{"id":301,"href":"http:\/\/www.extetika.it\/index.php?rest_route=\/wp\/v2\/pages\/275\/revisions\/301"}],"up":[{"embeddable":true,"href":"http:\/\/www.extetika.it\/index.php?rest_route=\/wp\/v2\/pages\/68"}],"wp:attachment":[{"href":"http:\/\/www.extetika.it\/index.php?rest_route=%2Fwp%2Fv2%2Fmedia&parent=275"}],"curies":[{"name":"wp","href":"https:\/\/api.w.org\/{rel}","templated":true}]}}